et q(i) = i**2 - 2. Let p be q(-8). Suppose 0*z = 2*z - p. Suppose o + z = 84. Is o prime?
True
Let i be 107/1 - 7/7. Let g = -11 + 16. Is i*(g/2)/5 composite?
False
Is (-1928)/(-16) - 3/2 composite?
True
Let y = -11 + 17. Let d(k) = -2*k**2 - 5*k + 1. Let b be d(-5). Is 2 + b*(-9)/y composite?
True
Let r(g) = 2*g**2 + 8*g + 7. Is r(7) composite?
True
Suppose 3*k - 2*k = 58. Is k a composite number?
True
Suppose 7 = 3*v - 23. Let i be (4/v)/((-2)/10). Is 188/10 - i/10 composite?
False
Suppose -5 = -4*d + 3. Let f be (-2)/(-5) - 14342/5. Is f/8*d/(-3) composite?
False
Suppose -2*f - 2*f + 140 = 0. Suppose 4*t + 14 = -26. Let o = t + f. Is o prime?
False
Let w(g) = -3*g**2 + 7*g. Let a(t) = -2*t**2 + 3*t. Let j(p) = -9*a(p) + 4*w(p). Let u be j(-1). Suppose -u*s - 221 = -4*y, y = 4*y - 5*s - 172. Is y composite?
True
Let p(l) = -l**2 - l + 2. Let k be p(-2). Let t = k - 2. Is 2 + (-58)/t + 0 prime?
True
Suppose 5*u + 5 + 5 = 0. Let k = -1 - u. Is (-10)/(-1*(k - 0)) composite?
True
Let o(m) = -m + 7. Let h be o(6). Suppose 4*s - 99 - h = 0. Is s prime?
False
Suppose -3*n + v + v = -353, -v = 4*n - 478. Is n a composite number?
True
Suppose 3115 = 4*p - 3*q, q + 779 = 5*p - 4*p. Is p prime?
False
Let y = -7 + 12. Suppose -y*d - 212 = -z, -z + d = -47 - 149. Is z/15 + (-2)/(-10) prime?
True
Let g be 3 - ((2 - 5) + 3). Suppose -4*z = -4*a - 716, 4*z - 2*a - 719 = g*a. Suppose z = 4*l + 28. Is l composite?
False
Let d(b) be the second derivative of b - 1/3*b**3 - 1/20*b**5 - 1/4*b**4 + 0 + 1/2*b**2. Is d(-3) a composite number?
False
Suppose 3*x - 2*f = 102 + 40, 0 = -4*x + 3*f + 188. Let y be x/(-2) - 0 - 1. Let n = 45 + y. Is n a prime number?
True
Suppose 4*z - 57 = 299. Is z composite?
False
Is -11*(69/(-4) + (-4)/(-16)) prime?
False
Let h(v) = 44*v**2 + v. Let t be h(-2). Let x = t - -11. Is x composite?
True
Let z(x) = 10*x + 9. Is z(8) composite?
False
Let w(i) = -i**3 - i**2 + i - 37. Let v be w(0). Let u = v + 56. Is u a prime number?
True
Let d = -12 - -13. Is d*67*(-12)/(-4) prime?
False
Suppose -4 = -2*q, 3*p - 4 = 2*q + 10. Let v(a) = 1 + 4*a + 3*a**2 - 8 - a. Is v(p) prime?
False
Let y(w) = w**3 - 11*w**2 + 10*w - 2. Let c be y(10). Is ((-1178)/(-3))/(c/(-3)) composite?
True
Suppose 8*i - 3*d = 3*i - 18, -d + 1 = 0. Is (21/(-9))/(i/99) a composite number?
True
Suppose 0 = -5*w - 4*b + 221, b + 6 = 4*w - 175. Suppose -m + w = -32. Is m prime?
False
Let a(y) = -y + 2 - 12 + 3*y. Let f be a(7). Suppose 4*t - 28 = -4*i, f*i = -t - 9 + 31. Is t composite?
False
Let i be (-5)/(-20) + 7/4. Suppose i = -2*b + 4*b. Let z(d) = 54*d + 1. Is z(b) a prime number?
False
Suppose -t - 2*t = 0. Suppose -v + t*q = -4*q + 33, -3*q + 2 = v. Let m = v - -34. Is m a composite number?
True
Suppose 9*y = -8*y + 4301. Is y composite?
True
Suppose -5*l - 53 - 12 = -5*o, 0 = -3*o + 5*l + 43. Let j = o + -6. Suppose 305 - 50 = j*p. Is p composite?
True
Let b(q) = q**3 + 15*q**2 + 3*q - 1. Is b(-10) prime?
False
Suppose -2*f + 154 = 5*f. Is f composite?
True
Suppose 2*i + 92 = -0*i. Let z = 101 + i. Is z prime?
False
Let h = 1014 + 1048. Is h a composite number?
True
Let x(v) = -4*v**2 + 2*v + 2. Let m be x(4). Let k be (2*3/(-6))/(-1). Is k/4 + m/(-8) a composite number?
False
Let y(f) = 38*f - 1. Let l be y(5). Suppose 4*q - q = l. Suppose 2*s = x + 98, 0*s + q = s + 3*x. Is s prime?
False
Let n be 156/20 + (-1)/(-5). Suppose -n*z - 299 = -9*z. Is z a composite number?
True
Let i(k) = -k**3 + 3*k**2 + 6*k - 6. Let h be i(4). Suppose h*n - 3*j = -n, -j - 4 = -2*n. Is n composite?
True
Suppose 4*u - 4*t - 378 = -2*t, -171 = -2*u - 5*t. Is u composite?
True
Let b = -6 + 4. Let v = -25 - b. Let m = v + 54. Is m composite?
False
Let j(w) = -w**2 + 203. Let d = 13 + -7. Let y = -6 + d. Is j(y) composite?
True
Let l be 9/1 + 1 + 0. Let k = -14 + l. Is (11/(-4))/(1/k) a composite number?
False
Suppose -14*f - 44 = -13*f. Let d = f - -79. Is d composite?
True
Suppose 3*o + 9 = 2*o. Let r(v) be the second derivative of -v**3/2 - 5*v**2/2 - 2*v. Is r(o) a composite number?
True
Suppose -9 = -3*z + 3. Suppose 0 = y - z*y + 537. Is y a prime number?
True
Let a(w) = -4*w - 9*w + 12*w - w**2 - 51*w**3. Is a(-1) a composite number?
True
Suppose i + 2*x = -x + 965, 2*i + 3*x = 1918. Is i a prime number?
True
Let i(p) = p**3 + 4*p**2 - 4*p - 5. Suppose -5*n - 23 = -t, -4*t + 4*n + 28 = -0. Suppose -5*l + 4 = -6*l - 5*o, 3*o - 12 = t*l. Is i(l) a composite number?
False
Let t be 1*(3 - 0)*1. Let u(s) = 36*s**2 - 2*s + 3. Is u(t) a prime number?
False
Let c(v) = -v + 11. Let d be c(6). Let x(a) = 10*a + 5. Is x(d) a prime number?
False
Suppose 5 = 3*x - 10. Suppose x*f = -c + 397, 0*f = 4*f - 4*c - 308. Is f composite?
False
Let g(r) = r**3 + 4*r**2 - 5*r + 4. Let w be g(-5). Suppose -4*l = -l + h, -w*h = 5*l. Suppose 2*p = -l*p + 406. Is p prime?
False
Let z be (-6 - 0)*(-38)/(-4). Let i = z - -110. Is i prime?
True
Let v = -91 + 301. Let a be -1*(-3 + 2) - -2. Suppose -n + a*n - v = -4*g, 2*g - 4*n = 130. Is g a composite number?
True
Let o(f) = 39*f**2 - 2*f. Let q be o(-2). Let j be (95/2)/(3/(-6)). Let i = j + q. Is i composite?
True
Let a = -92 - -399. Is a composite?
False
Let c(s) = s**3 + 5*s**2 - 7*s - 4. Let d be c(-6). Let i = d + 36. Suppose -2*o - 4*z + 114 = 0, 5*z + i = 13. Is o a prime number?
True
Suppose 3*a - 5594 = h - 413, 4*h = -2*a + 3440. Is a composite?
True
Suppose 0*s = -2*s. Suppose 3*h = -5*z + 30, -5*z + 0*z - 4*h + 30 = s. Suppose -5*r = -d - 132, d = -2*d - z. Is r a prime number?
False
Let s(n) be the third derivative of 7*n**5/60 + n**4/8 + n**3/2 + 2*n**2. Is s(4) composite?
False
Suppose 5*o + 410 = -2970. Let k = 1011 + o. Suppose 0 = -3*y - 2*y + k. Is y a composite number?
False
Suppose 5*q = l + 2*q - 18, 0 = -5*l + 3*q + 30. Let r(z) = 5*z**2 + 4*z - 2. Let w be r(l). Suppose -w + 11 = -2*f. Is f composite?
True
Let z = 7 - 3. Suppose z*r = -4*s + 8, 1 - 5 = -4*r - 3*s. Let o(u) = 6*u**2 + 3*u + 1. Is o(r) composite?
False
Let b be ((-6)/(-4) + -2)*-10. Is (-18 + 7)/((-1)/b) a composite number?
True
Is (-332660)/(-25) - 6/(-10) prime?
False
Let w(o) = o**3 + 7*o**2 + 4*o - 1. Suppose 5*g + 2*l = -28, 4*l = 4*g - l - 4. Let h be (-1)/g*-2*12. Is w(h) composite?
False
Let q be 4*-3*3/(-18). Let y be ((-21)/(-9))/(q/546). Suppose 4*o + 3*s = y, 0 = o + 4*s - 113 - 56. Is o a prime number?
True
Let m(q) be the first derivative of q**3/3 - 3*q**2 + 2. Is m(7) a prime number?
True
Let v be 2/(-4) + (-5)/(-2). Suppose v*h - 113 = -k, -3*h + 2*h = 5*k - 601. Suppose 0*c - 3*c - 3*l = -117, -3*c - 4*l = -k. Is c composite?
True
Is 2/14 - -10*3205/70 a prime number?
False
Let x = -250 - -451. Is x prime?
False
Let c(k) = k**2 - k + 4. Is c(10) a composite number?
True
Is ((-4)/(-6))/((-14)/(-36141)) prime?
True
Suppose 0 = -k + 2*k - 71. Suppose -o + 3*q + k = -0*o, 5*q = 5*o - 315. Is o composite?
False
Suppose 1264 = h - 405. Is h a prime number?
True
Let l(a) = 6 + 1 - 1 + 6*a + 1. Is l(5) a composite number?
False
Let t(o) = 5*o**2 + 4*o + 5. Let q(z) = -z**2. Let v(c) = 2*q(c) + t(c). Is v(-6) a prime number?
True
Suppose -u - 3173 = -5*r, 1305 = 2*r + 2*u + 31. Is r prime?
False
Is (0 + 0 - -391)/(-14 - -15) a prime number?
False
Suppose -2*o + 3*o = v, 0 = 4*o + 4*v + 16. Let z(n) = 54*n**2 - 5*n - 5. Is z(o) a composite number?
True
Let q(f) = -5 - 2 - 2 + 2*f**2. Is q(-7) a composite number?
False
Suppose -34 = 3*z - z. Let q = -8 - z. Is (3/q)/((-1)/(-141)) a composite number?
False
Suppose n - 2 = -3*w + 1, 2 = 2*w. Suppose n = x - 131 - 86. Is x a composite number?
True
Let y = 537 + -346. Is y prime?
True
Let u(y) = 3*y - 9. Is u(14) a composite number?
True
Let p(q) = -q**3 + 20*q**2 + 21*q - 6. Is p(16) composite?
True
Let j be (-245)/25 - (-1)/(-5). Is (74/j)/((-8)/40) prime?
True
Suppose 215 = 5*n - 3780. Is n a composite number?
True
Suppose 0 = 6*g - g - 30. Let x be (-2)/g - 608/(-24). Let y = x - -64. Is y a prime number?
True
Let a be -5 + -1 + 3/(-3). Let d(h) = -6*h - 2. Let v be d(a). Suppose -191 = -3*r + v. Is r prime?
False
Suppose 3*k - 370 = -4*w, w - 172 = -w + 5*k. Is w a composite number?
True
Suppose -4*r + 7*r = 537. Is r prime?
True
Is (2 - 1) + 0 + 25 a prime number?
False
Let x(w) = -10*w**2 - 3*w - 3. Let c(